isor of 960 and 3444360?
120
What is the highest common divisor of 17217937 and 5203?
121
Calculate the greatest common factor of 321400093 and 73.
73
Calculate the greatest common factor of 659655505 and 1535.
1535
What is the greatest common divisor of 8112 and 13069108?
676
What is the greatest common divisor of 109841488 and 248?
8
What is the highest common factor of 3122636 and 104?
4
What is the highest common divisor of 1596 and 9265692?
228
Calculate the greatest common divisor of 1089552 and 1836.
12
What is the highest common factor of 15899489 and 1739?
47
Calculate the highest common factor of 12271 and 102333128.
1753
What is the greatest common factor of 2379 and 186844281?
2379
What is the highest common divisor of 1026 and 776223?
27
Calculate the greatest common factor of 1558366 and 2886.
74
Calculate the highest common divisor of 9522104 and 24.
8
What is the greatest common divisor of 35506 and 265862?
866
Calculate the greatest common factor of 36503 and 110353.
211
What is the highest common factor of 145980531 and 1016?
127
Calculate the greatest common divisor of 448 and 6280288.
224
What is the greatest common divisor of 16 and 2402540?
4
What is the greatest common divisor of 287499 and 846185?
2039
What is the greatest common divisor of 490 and 22763832?
98
What is the greatest common factor of 2360275 and 4175?
25
What is the highest common factor of 63482274 and 1278?
18
Calculate the greatest common divisor of 405 and 3452922.
27
What is the greatest common factor of 2565 and 5586399?
171
What is the greatest common factor of 508254 and 13888941?
2001
Calculate the greatest common factor of 16 and 242300.
4
What is the highest common divisor of 550 and 90146386?
22
What is the greatest common divisor of 1211404263 and 3603?
3603
What is the greatest common factor of 240803689 and 1883?
1883
What is the highest common factor of 2436 and 301440?
12
Calculate the greatest common divisor of 2187 and 19446318.
243
What is the highest common divisor of 957 and 195704267?
319
What is the greatest common factor of 12143131 and 2288?
143
What is the greatest common factor of 11424 and 1713888?
96
Calculate the highest common divisor of 395220 and 369060.
60
What is the greatest common divisor of 3845382 and 107319?
1293
What is the greatest common divisor of 82488 and 1235847?
1473
Calculate the greatest common factor of 22581 and 140961024.
1737
What is the highest common divisor of 26047 and 973?
7
Calculate the greatest common factor of 1791795 and 16815.
285
Calculate the highest common divisor of 13540372 and 1528.
764
Calculate the highest common factor of 2250 and 36530550.
450
Calculate the greatest common factor of 15151279 and 39.
13
Calculate the highest common divisor of 15847 and 1610299.
1219
Calculate the greatest common divisor of 17342808 and 252.
84
Calculate the greatest common factor of 16118352 and 216.
216
What is the highest common divisor of 1940 and 7319420?
20
What is the highest common divisor of 5493660 and 7808?
244
What is the greatest common divisor of 316075 and 132305?
235
Calculate the greatest common divisor of 109637 and 15488.
11
Calculate the highest common divisor of 1824 and 109723119.
57
What is the highest common factor of 45833754 and 13350?
534
Calculate the highest common factor of 70478 and 17816.
262
Calculate the greatest common divisor of 8848403 and 219.
73
What is the highest common factor of 271782643 and 11?
11
What is the highest common factor of 4143860 and 16534?
14
Calculate the greatest common divisor of 686 and 2706466.
98
What is the greatest common factor of 3724 and 122274992?
196
Calculate the highest common divisor of 28 and 2454713268.
28
What is the highest common factor of 1064140 and 7140?
140
Calculate the greatest common factor of 312 and 398423688.
312
Calculate the highest common divisor of 680 and 25972192.
136
Calculate the greatest common factor of 1344 and 656229.
21
What is the greatest common factor of 20678 and 115699318?
2954
Calculate the highest common divisor of 111488 and 2520674.
1742
Calculate the highest common divisor of 27885 and 3135.
165
Calculate the greatest common divisor of 39 and 6154818.
3
What is the highest common factor of 54559901 and 11?
11
What is the greatest common divisor of 189 and 4349919?
21
Calculate the highest common divisor of 11275580 and 320.
20
What is the greatest common divisor of 1875587 and 1806?
7
What is the highest common factor of 59008 and 5780352?
128
What is the greatest common divisor of 64928456 and 101?
101
What is the highest common divisor of 13420428 and 2433?
2433
What is the greatest common divisor of 160 and 30169520?
80
Calculate the greatest common divisor of 475705 and 405151.
1069
Calculate the greatest common divisor of 211997235 and 370.
185
Calculate the highest common divisor of 56202 and 21824559.
1653
What is the greatest common divisor of 6606 and 2043456?
2202
What is the greatest common divisor of 9 and 357024999?
3
What is the greatest common factor of 3895875 and 63?
9
Calculate the greatest common divisor of 4148764 and 1896.
316
Calculate the greatest common factor of 302210 and 1644794.
1286
Calculate the greatest common divisor of 5052522 and 501.
3
Calculate the highest common factor of 850 and 5398775.
425
Calculate the greatest common divisor of 168949 and 112981.
11
Calculate the greatest common divisor of 8063590 and 2440.
610
Calculate the greatest common factor of 8136 and 484657.
113
Calculate the highest common divisor of 521 and 136397.
1
What is the highest common factor of 3808 and 7730716?
476
Calculate the greatest common divisor of 57033218 and 2068.
22
Calculate the greatest common factor of 338 and 3479318596.
338
Calculate the highest common divisor of 1610201 and 3047.
277
Calculate the highest common factor of 7647388 and 15368.
452
What is the greatest common factor of 729280 and 4472?
344
What is the highest common factor of 1164732 and 28892?
124
Calculate the highest common factor of 12791629 and 3.
1
Calculate the highest common factor of 372 and 3130690.
62
What is the greatest common divisor of 16223536 and 378?
14
Calculate the greatest common divisor of 215 and 42223.
1
What is the highest common factor of 1240640011 and 13?
13
What is the greatest common divisor of 58673071 and 149?
149
What is the greatest common factor of 33 and 9450969?
33
Calculate the greatest common divisor of 560204629 and 667.
667
What is the highest common factor of 555 and 1113855?
15
Calculate the highest common divisor of 17315988 and 15060.
3012
Calculate the highest common divisor of 14030320 and 8632.
664
Calculate the greatest common factor of 443025 and 31338425.
4475
Calculate the greatest common factor of 11359271 and 60291.
2233
Calculate the greatest common factor of 5976 and 441147324.
996
What is the highest common factor of 104004 and 1080700?
428
Calculate the highest common divisor of 4222 and 14943769.
2111
Calculate the highest common divisor of 104 and 231164908.
52
What is the highest common factor of 232 and 25616?
8
What is the highest common factor of 1791 and 60912109?
199
Calculate the highest common divisor of 110915 and 147770.
35
What is the greatest common divisor of 200 and 17043128?
8
Calculate the highest common divisor of 7374226 and 1291490.
3638
Calculate the highest common factor of 22856918 and 70.
14
Calculate the greatest common factor of 337460 and 35182.
718
Calculate the greatest common divisor of 16473 and 6668097.
867
Calculate the greatest common factor of 120 and 20721384.
24
What is the highest common divisor of 1397804 and 1606?
146
What is the greatest common divisor of 1855622 and 1290?
86
Calculate the highest common factor of 21734038 and 62.
62
Calculate the highest common divisor of 100191381 and 5428.
1357
Calculate the greatest common divisor of 1476968 and 55016.
4232
Calculate the highest common factor of 353046 and 34278.
174
Calculate the greatest common factor of 76155644 and 292.
292
What is the highest common factor of 5500 and 77374?
22
Calculate the greatest common divisor of 1830 and 39623770.
610
What is the greatest common divisor of 120 and 430387480?
40
Calculate the greatest common divisor